9 composite?
False
Is 824657909 a prime number?
False
Is 9661899707 a prime number?
False
Is 27504977 a composite number?
True
Is 19609757 composite?
True
Is 18181892249 a composite number?
False
Is 3315867239 a prime number?
False
Is 8150449898 a composite number?
True
Is 1595214503 a composite number?
True
Is 347969069 prime?
False
Is 114035797489 a composite number?
True
Is 1884229361 a composite number?
True
Is 28248375299 composite?
False
Is 120918708991 composite?
False
Is 133234123921 composite?
False
Is 92007546661 prime?
True
Is 482030599 a prime number?
True
Is 7086847627 composite?
False
Is 1590635 a composite number?
True
Is 25586191907 prime?
True
Is 5413887859 a composite number?
True
Is 44762392219 composite?
False
Is 5458054643 composite?
False
Is 710497061 a prime number?
False
Is 1860451673 a composite number?
False
Is 234214643911 a prime number?
True
Is 2970545447 a prime number?
True
Is 5166272701 composite?
False
Is 616075697 a prime number?
True
Is 40033634347 a composite number?
True
Is 1015650127 a prime number?
True
Is 96257123687 a composite number?
False
Is 52463833 composite?
True
Is 17635362442 a composite number?
True
Is 69452128793 a composite number?
True
Is 531578129 a prime number?
False
Is 46353631 prime?
True
Is 257875217 composite?
False
Is 9468988807 a composite number?
False
Is 792740489 prime?
False
Is 3778072723 composite?
True
Is 5393498645 prime?
False
Is 3069015349 composite?
False
Is 40414817 a prime number?
True
Is 1338232789 composite?
False
Is 19911283 a composite number?
True
Is 9490274453 a prime number?
False
Is 28768189043 a composite number?
True
Is 66331 a composite number?
True
Is 108244301653 composite?
False
Is 38766879301 prime?
True
Is 1741521853 composite?
True
Is 7585113 prime?
False
Is 2261250861 composite?
True
Is 5998020503 a prime number?
False
Is 4577188087 a composite number?
False
Is 10150016333 composite?
False
Is 11213508899 a composite number?
False
Is 19865456003 composite?
False
Is 1678868185 composite?
True
Is 13054388637 a composite number?
True
Is 3597482753 a composite number?
True
Is 252596173 a prime number?
True
Is 511122331 composite?
True
Is 77336033 prime?
True
Is 226724503 a composite number?
True
Is 3699478339 composite?
True
Is 29949751669 composite?
True
Is 151631639 composite?
False
Is 9823886953 a prime number?
True
Is 30615357403 prime?
True
Is 4580832917 a composite number?
False
Is 40936924901 composite?
True
Is 471660958 a prime number?
False
Is 2047112141 a composite number?
True
Is 131018297 prime?
True
Is 4015798723 composite?
False
Is 1678879373 composite?
False
Is 61754724561 composite?
True
Is 13443348467 a prime number?
False
Is 2271305963 a composite number?
True
Is 4801561361 a prime number?
False
Is 7059359 prime?
True
Is 1985973221 a composite number?
True
Is 27705743707 prime?
True
Is 560836037 prime?
True
Is 57602046993 prime?
False
Is 359646671 a prime number?
True
Is 85099307 composite?
False
Is 291240221 a prime number?
True
Is 7713262337 a composite number?
True
Is 127834102321 prime?
True
Is 339745999 composite?
False
Is 2225338667 a prime number?
True
Is 72440196421 a composite number?
False
Is 32971507867 a prime number?
True
Is 406121659639 a composite number?
False
Is 73018123103 composite?
True
Is 11747909933 a composite number?
False
Is 2458833749 a prime number?
False
Is 1030283497 composite?
False
Is 676327921 a prime number?
False
Is 24545534771 composite?
False
Is 184759291547 composite?
True
Is 465304799 prime?
False
Is 1083274427 a composite number?
True
Is 8945611109 a prime number?
True
Is 75541768195 composite?
True
Is 522781601 a composite number?
True
Is 10581180131 a prime number?
False
Is 47221739351 a prime number?
False
Is 63344678473 a composite number?
False
Is 65355866657 prime?
True
Is 5355566099 composite?
True
Is 71690941249 a composite number?
False
Is 92502643 a prime number?
True
Is 1227536501 prime?
False
Is 1414629113 composite?
True
Is 474640779 a prime number?
False
Is 2829838811 a prime number?
True
Is 3873289253 composite?
True
Is 31391145733 a prime number?
True
Is 1294534337 a prime number?
False
Is 1262577791 a composite number?
True
Is 670415087 a composite number?
False
Is 996162581 a prime number?
False
Is 308052931 a composite number?
True
Is 4436558713 a composite number?
False
Is 8355947291 a prime number?
True
Is 845417813 prime?
True
Is 37028477267 a prime number?
True
Is 919476079 composite?
False
Is 57215842 prime?
False
Is 570387397 composite?
True
Is 8656226767 a prime number?
False
Is 13199254793 composite?
True
Is 1633436405 prime?
False
Is 298567369 a prime number?
False
Is 12568673098 a composite number?
True
Is 2073005821 a composite number?
False
Is 294373151 a prime number?
False
Is 204616081 a composite number?
True
Is 104141207 prime?
True
Is 10546488943 a composite number?
False
Is 467856161 a prime number?
True
Is 6562327151 a composite number?
False
Is 13781297161 a composite number?
True
Is 65032650973 a prime number?
True
Is 676070023 composite?
True
Is 2892353957 a prime number?
False
Is 79707055719 prime?
False
Is 2030186213 a prime number?
False
Is 1829418301 a prime number?
False
Is 52867117627 composite?
False
Is 30071690977 prime?
False
Is 263550787 composite?
False
Is 280485461921 a composite number?
True
Is 55131889 a composite number?
False
Is 2166803174 a composite number?
True
Is 3725124278 a composite number?
True
Is 20954721709 composite?
True
Is 204552463 a composite number?
False
Is 32514188137 a prime number?
True
Is 12744037 a composite number?
True
Is 2369092087 composite?
False
Is 689073877 prime?
False
Is 2694119567 prime?
True
Is 128660438617 a prime number?
False
Is 448028101 prime?
False
Is 21972506407 composite?
True
Is 105964073 a composite number?
False
Is 46214874193 prime?
True
Is 95519865279 a prime number?
False
Is 8400155459 composite?
False
Is 757446979 a prime number?
True
Is 70732015295 a prime number?
False
Is 8369198561 a prime number?
True
Is 770453081 prime?
False
Is 5994282907 a prime number?
False
Is 3306744167 composite?
False
Is 81171823951 a prime number?
False
Is 22802920859 a prime number?
False
Is 24647270485 a composite number?
True
Is 26779806821 a composite number?
True
Is 9597526303 composite?
False
Is 9107933441 composite?
False
Is 98942380259 a prime number?
True
Is 844382317 prime?
False
Is 95247336557 a prime number?
False
Is 17764409231 a prime number?
False
Is 31532235859 prime?
False
Is 211102281437 prime?
False
Is 16633603351 composite?
False
Is 7092435073 a prime number?
True
Is 37837829593 composite?
True
Is 40366844477 a composite number?
False
Is 30707148073 prime?
False
Is 2194652423 a composite number?
True
Is 122048007047 a prime number?
False
Is 1510407521 composite?
True
Is 11298797 prime?
True
Is 5817295763 prime?
False
Is 7112166959 a composite number?
False
Is 2293632851 prime?
False
Is 4065224369 a composite number?
False
Is 13166933159 prime?
True
Is 575117877 composite?
True
Is 9968037049 a prime number?
False
Is 10832601869 a composite number?
False
Is 1140377039 prime?
True
Is 610601603 composite?
True
Is 12136662061 a composite number?
False
Is 2381056721 composite?
False
Is 6422973827 a composite number?
True
Is 1718054367 a prime number?
False
Is 203473477 composite?
True
Is 121934227477 composite?
True
Is 360427649 a prime number?
False
Is 8213658403 prime?
False
Is 542609191 composite?
True
Is 1313487733 prime?
False
Is 261595793 a composite number?
True
Is 484270049 composite?
True
Is 15872571973 composite?
False
Is 683806559 a prime number?
False
Is 29792255323 composite?
False
Is 1793812291 prime?
True
Is 1728727603 composite?
True
Is 709850663 composite?
False
Is 5202063107 a composite number?
False
Is 39652992697 composite?
False
Is 16666502341 composite?
False
Is 1007461501 prime?
False
Is 198932923 prime?
False
Is 4018441587 a composite number?
True
Is 7848025139 a prime number?
True
Is 2194465451 a prime number?
False
Is 78330703615 prime?
False
Is 488233579 a composite number?
True
Is 157164611 composite?
False
Is 322255082 composite?
True
Is 6551082589 a prime number?
True
Is 511577083 composite?
False
Is 9358488161 a composite number?
True
Is 53576014901 prime?
False
Is 15332